140. Let q(r) = 249*r**2 + 3*r - 2. Let v be q(2). Let z = n + v. Is z a composite number?
False
Suppose -c - 4*w = -138085, 0 = 227*c - 230*c + 2*w + 414143. Is c composite?
False
Is 1 - (-3 - 1077473/9) - 706/3177 a prime number?
True
Suppose -5*l = -l - 3*l. Let d be l/(-1) + (-54)/(-27). Is -1*(d/(-5))/((-5)/(-1025)) a prime number?
False
Suppose x = 4*y + 3572483, 0 = 362*x - 360*x + 5*y - 7145083. Is x a composite number?
False
Let a(i) = -203774*i - 1823. Is a(-5) a prime number?
False
Let y be 127035/180 + (-14)/8. Is 881*(y/(-8))/(-8) a composite number?
True
Suppose -5*r + r + 73 = 5*y, -32 = -2*r + 2*y. Let a(m) = 103*m - 60. Is a(r) prime?
False
Let v = -573 - -573. Suppose c - 4369 = -2*s, -2*c - 3*s + 7*s + 8754 = v. Is c prime?
True
Let t(m) = -4*m**3 - 2*m**2 + 20*m + 1. Let z(r) = -3*r**3 + 20*r - 1. Let y(q) = -4*t(q) + 5*z(q). Is y(14) a composite number?
False
Let g = 825 + 15556. Is g a composite number?
False
Let x be (0 - -2)/((-15)/(-3390)). Let v = 1573 - x. Let p = v + 974. Is p prime?
False
Let s(n) = -n**3 - n**2 - 2*n + 4. Let o be s(0). Suppose -j + 1880 = -q - 15381, -3*q = -o*j + 69046. Is j composite?
True
Let f(y) be the first derivative of 9*y**2/2 + 6671*y - 49. Is f(0) prime?
False
Let l(c) = 235*c - 20. Let f(a) = -a - 1. Let z(q) = 15*f(q) + l(q). Is z(27) composite?
True
Let s(a) be the first derivative of -181*a**2 - 13*a + 46. Suppose -2*d - 26 = 4*x, 5*d + 3 = 2*x - 2. Is s(d) composite?
True
Suppose -4*k + 20 = 0, k - 39 = -4*h + 6*k. Let j = h + -17. Is j - (-3057)/6 - 2/(-4) a prime number?
True
Let c = -70 - -42373. Let a = 67290 - c. Is a composite?
True
Let f be (0 - -8)*1/2. Suppose -7286 = -2*r - f*s, -4*r + 9605 + 5011 = -3*s. Is r a composite number?
True
Let m(x) be the first derivative of -813*x**4/4 - x**3 - x**2/2 - x - 66. Is m(-2) a prime number?
False
Suppose 31*f - 11410 = 17006 + 105721. Is f composite?
False
Suppose 12*p - 77989 = 174503. Is p composite?
True
Suppose 15 = 5*z, 5*d - 5*z + 13717 = -3893. Let y = 5468 + d. Is y prime?
True
Suppose 14*p - 19*p + 852458 = -v, -7*p + 5*v = -1193452. Is p a composite number?
True
Let t be 4109*1 + (6 + 2 - 15). Suppose 4*n + 4*y - 36 = 0, 5*n - y - 4*y + 5 = 0. Suppose -n*w - t = -2*o, 2*w = 5*o - w - 10262. Is o prime?
True
Let v(l) = -5012*l**2 - l - 1. Let n be v(-1). Let y = n - -8731. Is y prime?
True
Is (-4)/(-5)*(-27067120)/(-64) composite?
False
Suppose -5*p + c + 751 = 0, 2*c = -2 - 0. Suppose 464 - p = 2*k. Is k prime?
True
Let w(g) = -2252*g - 59. Suppose -l - 4*f + 1 = -2*l, 5*f + 25 = -4*l. Is w(l) a prime number?
False
Suppose p + 6 = -2*p - 4*q, 2*p - 3 = -5*q. Let x = p - -5. Is (-5835)/(-4) + (x - 25/(-20)) prime?
True
Let f = -7 - -11. Suppose 4*y + 4*i = 19 + 37, f*y = -3*i + 53. Suppose y*x - 12*x = -119. Is x prime?
False
Let a(t) = 2827*t**3 - t**2 + 3*t - 2. Suppose -10 = -63*c + 53*c. Is a(c) a prime number?
False
Is (163/(-1956) - (-285761)/(-12))*(-4)/2 a composite number?
True
Let m = -58 + 49. Let t be (-66)/m*1*3. Let o(s) = -s**2 + 35*s + 31. Is o(t) prime?
True
Let a = -23 - -35. Suppose -a*v + 31*v = 15143. Is v composite?
False
Suppose 0 = 2*q - q + 9. Is 869/3*(-27)/q composite?
True
Suppose -3*x = 2*n - 93855, -140322 + 15228 = -4*x + 5*n. Is x prime?
False
Suppose -29*u = -3*u + 72878. Let s = -1110 - u. Is s a prime number?
True
Suppose 0 = -2*v - 10 + 12, d + 5*v = 126292. Is d a composite number?
True
Is 21 + -16 + (8632 + 2)*(-3 - -7) a composite number?
True
Let v(c) = 3*c**3 + 6*c**2 + 18*c - 11. Let b be 6/9*63/6. Is v(b) a composite number?
True
Let j(t) = t**2 - 5*t - 10. Let c be (-1 + (-1)/3)*(-9)/(-6). Let p be j(c). Suppose 0*o = p*o - 5*i - 1652, -4*o + 1652 = i. Is o prime?
False
Suppose -23*f - 2810055 = 4*f - 42*f. Is f composite?
False
Let k(o) = 12185*o**2 + 4*o - 4. Suppose 16 = 3*v + 1. Let y(w) = -w**3 + 6*w**2 - 8*w + 16. Let l be y(v). Is k(l) a prime number?
False
Suppose 4*j - 34 = 38. Suppose -j = h - 21. Let t(w) = 72*w**2 - 2*w - 1. Is t(h) a prime number?
True
Let c be 684/162 + (-4)/18. Let l be c - (6/3 + -1071). Let m = l + 246. Is m prime?
True
Let o be (-46)/(-22) - 44/484. Suppose o*m = -2*r + 9128, 3*m - 18457 = -r - 4771. Is m a prime number?
True
Let a(f) = 990*f**2 + 29*f - 87. Let h be a(3). Is 6 + (-2 - -3) + h a prime number?
False
Suppose 394091 + 344108 = 77*m. Is m prime?
True
Let g(i) = 23*i**2 + 9*i + 29. Let l(h) = -23*h**2 - 8*h - 30. Suppose -73 = 4*m - 101. Let f(w) = m*g(w) + 6*l(w). Is f(9) a composite number?
True
Let a(r) be the third derivative of 59*r**5/60 + r**4/24 + r**3/2 - 4*r**2. Let m be a(-3). Suppose m - 1679 = -4*t. Is t prime?
False
Let k(u) = u**2 + u - 6. Let h be k(-3). Suppose 4*x - 2237 - 2139 = h. Suppose 0 = -2*v - 4*z + 430, -5*z - x = -5*v - 49. Is v a prime number?
True
Let x be (-35194)/30 - -5*18/675. Let j = x - -9494. Is j prime?
False
Suppose 15*s - 212291 = 435559. Suppose -8*u - 14286 = -s. Is u composite?
False
Let x = 19261 + -13358. Suppose 2*s + 5*v - x = 0, -s = v + 1576 - 4520. Is s composite?
False
Let v be 37/111 - (-50351)/3. Suppose 527 = 2*j + 4*u - 7859, 5*u = -4*j + v. Is j composite?
False
Suppose -f = -3*y - 22632, -f - 4*y + 22632 = -2*y. Suppose 3*l + 5668 = i + 4*l, 4*l + f = 4*i. Is i composite?
True
Let k(j) = 82*j - 31. Let y(o) = 1. Let t(w) = -k(w) + 4*y(w). Is t(-21) prime?
False
Suppose 5*l - 4*u - 1672 = 0, 3*u + 576 = 2*l - 90. Suppose 326*s - l*s + 34970 = 0. Is s prime?
False
Suppose 5*a = -l + 10 - 25, 0 = 4*l + 2*a - 12. Let d(n) = 1 - l + 6*n + 5 - 3*n**3 + 2*n**2 - 3*n. Is d(-4) a composite number?
True
Suppose 199*p = 132*p + 6418667. Is p prime?
True
Let n(l) = 44328*l + 785. Is n(3) a composite number?
False
Suppose 0 = -6*y + 62 - 50. Suppose 4*p = -f - y*f + 25856, 12 = -3*f. Is p prime?
False
Let x(i) = 75011*i**2 - 87*i + 87. Is x(1) a prime number?
True
Let c be (-1 - -3)/(0 + 2/(-57)). Let q be ((-1096)/6 + 2)*3. Let d = c - q. Is d a prime number?
False
Let k(u) be the second derivative of 49*u**6/180 - u**5/40 + u**4/6 - u**3/2 + 15*u. Let i(t) be the second derivative of k(t). Is i(-3) a composite number?
True
Suppose -13*n = -103 - 27. Let z(s) = 2*s**3 - 11*s**2 - 2*s + 27. Is z(n) prime?
True
Let n(z) = -z**2 - 11*z + 12. Suppose 7*j + 95 = 11. Let f be n(j). Suppose f = -11*a + 1074 + 16493. Is a a prime number?
True
Let m = -44 + 40. Let k be 2/(m/(-1)) + 174/4. Suppose -2*w - 5*n + 604 = 0, 4*w + 3*n - 1178 - k = 0. Is w a composite number?
False
Let b = 6242 - 595. Is b a composite number?
False
Let h(i) = 3452*i**2 - 21*i - 84. Is h(5) composite?
False
Suppose 3*g - 31756 - 21416 = 0. Suppose 20*v - 32*v = -g. Is v a composite number?
True
Let a = 26 - 19. Let r(c) = 4 + 2 + 0 - a - 223*c. Is r(-6) a composite number?
True
Let r = 85799 - 15422. Is r a prime number?
False
Let k(t) = 402*t + 3. Let f(d) = 400*d + 3. Let c(q) = -4*f(q) + 5*k(q). Is c(1) composite?
True
Let n(h) = 573*h**2 - 827*h + 115. Is n(9) composite?
True
Suppose 5989 = -0*x - 2*x - 3*f, 3012 = -x - 5*f. Let s = x - -1002. Let y = s - -2784. Is y composite?
True
Suppose -13 = s + 3*p, -2*s + 5*p = 3*s + 45. Let f(k) = 9*k**2 - 6*k + 31. Is f(s) prime?
True
Is (-4088874)/(-68)*(-28)/(-42) prime?
True
Let p(f) = 8449*f**2 + 56*f + 243. Is p(-4) composite?
True
Let o(k) = 7*k - 22. Let p be o(6). Let m(l) = 35*l - 7. Let g be m(p). Let w = -338 + g. Is w a composite number?
True
Is ((-293224)/12)/(8/(-12) + 0) a prime number?
True
Suppose 0 = 25*t - 1594172 - 584153. Is t a prime number?
True
Let f = -10574 - -3272. Let t = -2996 - f. Is t a composite number?
True
Suppose 11 = 4*j - v + 2*v, 4*v - 18 = -3*j. Is j/13 + ((-2212164)/(-156))/3 composite?
True
Suppose -13*z = -67*z + 20*z + 15165394. Is z a prime number?
True
Suppose a = -0*a + 2. Suppose -a*u = -0*h - 2*h + 2, 3*u = -3*h + 27. Suppose h*j = 2*z + 1331, -2*z + 224 + 35 = j. Is j a composite number?
True
Let r(i) = i - 1. Let s(k) = k**3 + 4*k**2 - 11*k - 4. Let j(d) = 4*r(d) + s(d). Let g be j(-5). Suppose g*q = -7*q + 19377. Is q composite?
False
Let b be (59 + 8)*(0 + 3). Let w(s) = 54 - b*s - 35 - 28 - 196*s. Is w(-2) a prime number?
False
Suppose 4*q - 595570 = 533*g - 536*g, 5*g = -2*q + 297792. Is q prime?
True
Let w be (-60)/